1270 is divided by 340.
310
Calculate the remainder when 12406766 is divided by 28786.
0
What is the remainder when 68153821 is divided by 811355?
1
Calculate the remainder when 6791934 is divided by 1383.
21
What is the remainder when 14849326 is divided by 898?
896
What is the remainder when 118951 is divided by 4401?
124
What is the remainder when 319090 is divided by 63729?
445
What is the remainder when 13895597 is divided by 96?
77
What is the remainder when 5941722 is divided by 24?
18
What is the remainder when 6083896 is divided by 157?
146
Calculate the remainder when 72583 is divided by 7997.
610
What is the remainder when 3152706 is divided by 47768?
18
What is the remainder when 10312559 is divided by 4553?
14
What is the remainder when 210961 is divided by 459?
280
What is the remainder when 342788 is divided by 171348?
92
What is the remainder when 4785596 is divided by 5697?
116
What is the remainder when 29649 is divided by 937?
602
What is the remainder when 13408968 is divided by 183684?
36
Calculate the remainder when 1013354128 is divided by 5711.
5710
What is the remainder when 6771276 is divided by 2257062?
90
What is the remainder when 13521 is divided by 11995?
1526
What is the remainder when 304117340 is divided by 302?
18
What is the remainder when 1144119 is divided by 2340?
2199
What is the remainder when 6789021 is divided by 966?
939
Calculate the remainder when 52955 is divided by 26366.
223
What is the remainder when 33231255 is divided by 38?
27
What is the remainder when 1880263451 is divided by 7107?
7103
Calculate the remainder when 714646 is divided by 9403.
18
What is the remainder when 27604 is divided by 368?
4
What is the remainder when 16452869 is divided by 39?
17
Calculate the remainder when 77143 is divided by 19072.
855
What is the remainder when 97034998 is divided by 771?
22
Calculate the remainder when 507564 is divided by 23047.
530
Calculate the remainder when 6770836 is divided by 71.
63
What is the remainder when 271894798 is divided by 80?
78
What is the remainder when 284016 is divided by 7282?
18
What is the remainder when 1542485 is divided by 220283?
504
Calculate the remainder when 51353 is divided by 1170.
1043
Calculate the remainder when 2152158 is divided by 119564.
6
Calculate the remainder when 35419 is divided by 35092.
327
Calculate the remainder when 169788 is divided by 18794.
642
Calculate the remainder when 89547 is divided by 9811.
1248
Calculate the remainder when 150782 is divided by 30145.
57
Calculate the remainder when 66836 is divided by 10821.
1910
Calculate the remainder when 247066 is divided by 4573.
124
What is the remainder when 434932 is divided by 1851?
1798
What is the remainder when 2294853 is divided by 1147414?
25
Calculate the remainder when 24083394 is divided by 979.
973
Calculate the remainder when 44318972 is divided by 1664.
1660
What is the remainder when 30903029 is divided by 34?
21
Calculate the remainder when 43256 is divided by 918.
110
Calculate the remainder when 110808 is divided by 141.
123
Calculate the remainder when 418383 is divided by 602.
595
Calculate the remainder when 3070798 is divided by 1023588.
34
What is the remainder when 102910 is divided by 2188?
74
Calculate the remainder when 4984894 is divided by 2492429.
36
What is the remainder when 334867 is divided by 45536?
16115
What is the remainder when 735759 is divided by 735617?
142
Calculate the remainder when 4195775 is divided by 4195706.
69
What is the remainder when 7632556 is divided by 1908135?
16
What is the remainder when 26874 is divided by 12554?
1766
What is the remainder when 3330033 is divided by 611?
83
What is the remainder when 1334837781 is divided by 8?
5
Calculate the remainder when 480341 is divided by 12708.
10145
What is the remainder when 12153478 is divided by 810228?
58
Calculate the remainder when 1148278 is divided by 344.
6
What is the remainder when 84083668 is divided by 1782?
1780
Calculate the remainder when 540525 is divided by 5812.
9
Calculate the remainder when 239514 is divided by 18171.
3291
Calculate the remainder when 104885 is divided by 672.
53
Calculate the remainder when 2549444 is divided by 1073.
1069
Calculate the remainder when 1256515 is divided by 78531.
19
Calculate the remainder when 2191587 is divided by 14.
13
Calculate the remainder when 9031933 is divided by 37322.
9
Calculate the remainder when 3357507 is divided by 671500.
7
Calculate the remainder when 387560 is divided by 352.
8
What is the remainder when 1389134 is divided by 2636?
2598
Calculate the remainder when 2793464 is divided by 9.
8
Calculate the remainder when 30926827 is divided by 123.
76
Calculate the remainder when 616154 is divided by 4163.
30
What is the remainder when 557013 is divided by 556995?
18
What is the remainder when 1071535 is divided by 694?
693
What is the remainder when 226155 is divided by 225890?
265
Calculate the remainder when 131604 is divided by 1203.
477
Calculate the remainder when 43774284 is divided by 8754851.
29
Calculate the remainder when 5740259 is divided by 12.
11
Calculate the remainder when 10291106 is divided by 368.
354
What is the remainder when 8370363 is divided by 181?
18
What is the remainder when 582778 is divided by 397?
379
Calculate the remainder when 10461852 is divided by 132428.
40
Calculate the remainder when 261035 is divided by 52185.
110
Calculate the remainder when 10476062 is divided by 1119.
1103
Calculate the remainder when 37063799 is divided by 127.
119
Calculate the remainder when 2721 is divided by 788.
357
Calculate the remainder when 14637357 is divided by 537.
348
Calculate the remainder when 403059679 is divided by 1888.
1887
Calculate the remainder when 4566894 is divided by 380.
54
Calculate the remainder when 4326489 is divided by 469.
433
What is the remainder when 571214713 is divided by 15?
13
What is the remainder when 9361359 is divided by 811?
797
What is the remainder when 100310 is divided by 31663?
5321
What is the remainder when 187161885 is divided by 1592?
1589
Calculate the remainder when 2939925 is divided by 367.
255
Calculate the remainder when 327745 is divided by 15325.
5920
What is the remainder when 1022467 is divided by 46?
25
Calculate the remainder when 50731705 is divided by 30.
25
What is the remainder when 1138344 is divided by 569164?
16
Calculate the remainder when 74924 is divided by 364.
304
Calculate the remainder when 14490465 is divided by 185774.
93
What is the remainder when 3374611 is divided by 31?
13
Calculate the remainder when 257493 is divided by 154.
5
What is the remainder when 9212048 is divided by 539?
538
What is the remainder when 2597619 is divided by 288606?
165
What is the remainder when 3629125 is divided by 481?
461
What is the remainder when 1209578742 is divided by 191?
190
What is the remainder when 2620410 is divided by 1724?
1654
Calculate the remainder when 2397987 is divided by 154.
53
What is the remainder when 1036314 is divided by 57573?
0
Calculate the remainder when 254208296 is divided by 542.
540
Calculate the remainder when 1507603 is divided by 88681.
26
What is the remainder when 612955 is divided by 306260?
435
Calculate the remainder when 384147 is divided by 106.
3
Calculate the remainder when 38991928 is divided by 44.
8
Calculate the remainder when 6208211 is divided by 1119.
1118
Calculate the remainder when 2732468 is divided by 2320.
1828
What is the remainder when 150194 is divided by 740?
714
What is the remainder when 1442451 is divided by 846?
21
What is the remainder when 81977411 is divided by 2618?
2595
What is the remainder when 427226 is divided by 235?
231
Calculate the remainder when 7415783 is divided by 69.
8
What is the remainder when 956081 is divided by 386?
345
What is the remainder when 39940235 is divided by 772?
43
What is the remainder when 2660782 is divided by 1419?
157
What is the remainder when 2328315 is divided by 2140?
2135
Calculate the remainder when 75386973 is divided by 102.
99
Calculate the remainder when 11590682 is divided by 4.
2
What is the remainder when 58946042 is divided by 132?
122
What is the remainder when 565957 is divided by 110?
7
Calculate the remainder w